254250 a multiple of 30?
True
Is 320608852 a multiple of 39?
False
Is 58 a factor of 256683350?
True
Is 12863832 a multiple of 211?
False
Is 202274973 a multiple of 24?
False
Is 22159200 a multiple of 70?
True
Is 7 a factor of 41785028?
False
Is 33003655 a multiple of 3?
False
Does 333 divide 148940240?
False
Is 33480884 a multiple of 937?
True
Does 2199 divide 110010997?
False
Is 2296 a factor of 17026919?
False
Is 2951 a factor of 447793593?
True
Does 733 divide 22654098?
True
Does 212 divide 999857720?
True
Is 15458122 a multiple of 62?
False
Is 4967 a factor of 17603048?
True
Is 539 a factor of 1431170125?
False
Does 10 divide 3890300?
True
Is 5057 a factor of 145178541?
False
Is 7 a factor of 648344494?
True
Is 3647 a factor of 7523761?
True
Is 105 a factor of 9926480?
False
Is 16 a factor of 20087136?
True
Is 78226164 a multiple of 1805?
False
Is 1281283846 a multiple of 455?
False
Is 67 a factor of 44745902?
False
Does 10 divide 21056500?
True
Does 15 divide 243754495?
False
Does 10 divide 51086710?
True
Is 882 a factor of 110240106?
False
Is 87083668 a multiple of 401?
False
Is 639 a factor of 560741031?
True
Does 39 divide 18155066?
False
Is 5603 a factor of 967245890?
True
Is 463704947 a multiple of 34?
False
Does 4 divide 57828352?
True
Is 14431002 a multiple of 29?
False
Is 2468767 a multiple of 18?
False
Is 27160536 a multiple of 312?
True
Does 167 divide 359874980?
True
Is 242 a factor of 2883306210?
False
Does 214 divide 9494532?
False
Is 254031048 a multiple of 24?
True
Does 142 divide 8251953?
False
Is 229639412 even?
True
Is 29278929 a multiple of 221?
False
Is 144314303 a multiple of 3968?
False
Is 287 a factor of 689618421?
False
Is 5449950585 a multiple of 525?
False
Is 209374536 a multiple of 20?
False
Is 360 a factor of 329210639?
False
Does 74 divide 1707013?
False
Is 217 a factor of 23468550?
True
Is 16 a factor of 65708907?
False
Is 363155740 a multiple of 230?
True
Does 158 divide 1311081938?
False
Does 280 divide 37833605?
False
Is 2310 a factor of 40268266?
False
Is 44613730 a multiple of 501?
False
Is 56 a factor of 374785623?
False
Does 273 divide 141991941?
True
Is 17 a factor of 1529356709?
False
Is 21 a factor of 14739207?
True
Is 307 a factor of 130081733?
True
Is 46394433 a multiple of 327?
True
Is 10345940 a multiple of 31?
True
Does 1349 divide 47439001?
False
Is 38 a factor of 116901338?
True
Does 1049 divide 10071449?
True
Does 87 divide 20229849?
True
Is 16302976 a multiple of 536?
True
Is 1255016900 a multiple of 25?
True
Does 13 divide 63201515?
True
Does 153 divide 112843931?
False
Is 286055748 a multiple of 756?
False
Is 41 a factor of 9447135?
False
Is 21 a factor of 2134494537?
True
Is 2101966 a multiple of 368?
False
Does 596 divide 10326892?
True
Is 1689 a factor of 107096112?
True
Is 1083 a factor of 1026310365?
True
Is 25639827 a multiple of 471?
True
Is 13 a factor of 51391886?
True
Is 215 a factor of 1348265?
True
Does 89 divide 171342711?
True
Is 2507 a factor of 54938398?
True
Is 2063 a factor of 29405697?
False
Does 2257 divide 4602023?
True
Is 683 a factor of 5583600130?
True
Is 17 a factor of 436700464?
False
Is 787 a factor of 3585771112?
False
Is 19 a factor of 258354459?
False
Is 28973063 a multiple of 1470?
False
Is 3105571786 a multiple of 35?
False
Does 4796 divide 31722622?
False
Is 301 a factor of 57658404?
False
Is 109 a factor of 15922393?
True
Is 154990584 a multiple of 168?
True
Is 110 a factor of 6983020?
True
Does 452 divide 1254967604?
True
Does 1073 divide 863765?
True
Is 32 a factor of 191250663?
False
Is 1654856565 a multiple of 411?
True
Is 7445029 a multiple of 53?
False
Is 1723 a factor of 1772842249?
False
Is 1275 a factor of 377400?
True
Is 482514244 a multiple of 29?
False
Is 28207240 a multiple of 8?
True
Is 43 a factor of 34983292?
False
Is 17674865 a multiple of 44?
False
Does 663 divide 1474425147?
True
Does 1017 divide 203664695?
False
Is 1599817905 a multiple of 816?
False
Does 25 divide 317084225?
True
Does 487 divide 37792495?
False
Does 1513 divide 260327747?
False
Is 39 a factor of 64149449?
False
Does 3046 divide 1913128634?
True
Is 1799 a factor of 46016621?
True
Is 545869564 a multiple of 39?
False
Does 62 divide 75430998?
True
Is 19276663 a multiple of 62?
False
Does 393 divide 33021039?
True
Does 77 divide 13717242?
True
Is 56 a factor of 275152248?
True
Is 80 a factor of 39444849?
False
Is 74466306 a multiple of 6?
True
Is 4 a factor of 20526497?
False
Does 503 divide 51152767?
False
Is 482 a factor of 875854250?
True
Is 96911508 a multiple of 879?
True
Is 28 a factor of 753041408?
True
Is 26742060 a multiple of 97?
False
Is 77 a factor of 394923858?
False
Is 29560542 a multiple of 34?
False
Does 26 divide 1581210904?
True
Is 1082133693 a multiple of 27?
False
Is 1666042482 a multiple of 258?
True
Is 182650263 a multiple of 17?
False
Does 372 divide 2732594?
False
Is 1142 a factor of 4365866?
True
Does 115 divide 28222671?
False
Is 108 a factor of 171084686?
False
Does 28 divide 4459280?
True
Is 332 a factor of 2005715252?
True
Is 9061 a factor of 2447772192?
False
Is 24129388 a multiple of 1297?
True
Does 86 divide 222864528?
True
Does 52 divide 1858745668?
True
Is 25628009 a multiple of 18?
False
Is 1305725475 a multiple of 15?
True
Does 10 divide 1059843330?
True
Is 26 a factor of 30936256?
True
Is 25224392 a multiple of 346?
False
Does 6 divide 866705597?
False
Is 22017809 a multiple of 5?
False
Is 98974605 a multiple of 43?
True
Does 88 divide 533950384?
True
Is 36865114 a multiple of 286?
True
Is 14712860 a multiple of 1173?
False
Is 27 a factor of 98303989?
False
Does 4 divide 7954884?
True
Is 50603529 a multiple of 423?
False
Does 158 divide 2645236?
True
Does 5358 divide 277614054?
True
Does 20 divide 23407140?
True
Does 42 divide 93763953?
False
Is 197848736 a multiple of 199?
False
Is 20802337 a multiple of 84?
False
Is 699 a factor of 31581947?
False
Is 115 a factor of 37486780?
True
Is 165 a factor of 69107775?
True
Is 24 a factor of 19507954?
False
Is 26 a factor of 71837142?
True
Does 22 divide 1536286?
False
Does 15 divide 127375923?
False
Is 31778070 a multiple of 849?
True
Is 945 a factor of 38645775?
True
Does 21 divide 162606780?
True
Is 60153012 a multiple of 171?
True
Is 5401032 a multiple of 56?
True
Is 74 a factor of 336855400?
True
Is 303 a factor of 48233964?
True
Does 2 divide 2851040?
True
Does 42 divide 382118688?
True
Does 328 divide 33119883?
False
Does 18 divide 22518254?
False
Is 78723221 a multiple of 149?
False
Is 243 a factor of 1078019685?
True
Is 398 a factor of 72701755?
False
Does 187 divide 33379126?
True
Does 326 divide 838044739?
False
Is 1501 a factor of 650363787?
True
Is 1314786747 a multiple of 139?
False
Does 2032 divide 1179137088?
True
Is 17 a factor of 4124285?
True
Is 122775276 a multiple of 26?
True
Does 10 divide 13922990?
True
Is 71706994 a multiple of 224?
False
Is 146 a factor of 51731158?
True
Is 1090 a factor of 83023120?
True
Is 4 a factor of 312207784?
True
Does 68 divide 93435341?
False
Does 82 divide 4709484188?
True
Is 185553324 a multiple of 834?
True
Is 742440997 a multiple of 93?
False
Is 44623537 a multiple of 43?
False
Is 55 a factor of 380751470?
True
Is 100673326 a multiple of 7?
False
Is 988060148 a multiple of 1783?
True
Does 9 divide 14919391?
False
Is 38369205 a multiple of 49?
True
Does 717 divide 844157799?
True
Is 43380948 a multiple of 169?
True
Does 654 divide 8629530?
True
Does 136 divide 36004504?
True
Is 1772 a factor of 21264000?
True
Does 4 divide 16874916?
True
Is 105211400 a multiple of 280?
True
Is 2435125563 a multiple of 41?
False
Is 2 a factor of 1846213?
False
Is 194176720 a multiple of 67?
True
Does 48 divide 183752448?
True
Does 109 divide 6871241?
False
Is 18020086 a multiple of 46?
True
Is 17137174 a multiple of 902?
False
Does 49 divide 36345194?
False
Does 17 divide 359226366?
False
Does 29 divide 393086019?
False
Does 87 divide 716492251?
False
Is 38184064 a multiple of 5?
False
Is 4724028 a multiple of 36?
True
Is 5 a factor of 182983762?
False
Is 41525234 a multiple of 269?
False
Is 169 a factor of 678690142?
True
Is 1276 a factor of 10232806?
False
Does 563 divide 866437295?
True
Is 18 a factor of 144768924?
True
Is 863984641 a multiple of 53